 the remainder when d is divided by 0 - 1 - t - -18.
14
Suppose 0*u = u - 5. Suppose 0 = -2*m - f + 247 - 24, -m + 139 = -u*f. What is the remainder when m is divided by 5 - ((-216)/63)/((-2)/(-14))?
27
Suppose 0 = -442*h + 457*h - 60. Let r = -3 + 8. What is the remainder when r is divided by h?
1
Let u(m) = 58*m + 112. Let a(y) = 176*y + 334. Let c(b) = 5*a(b) - 16*u(b). What is the remainder when c(-26) is divided by 94?
92
Let p(m) = 7*m**2 - 4*m - 69. Let n(o) = -4*o**2 + 35. Let j(h) = -5*n(h) - 3*p(h). What is the remainder when j(7) is divided by 21?
4
Suppose -3*z - 2*z = -975. Let r(w) = w**3 + 3*w**2 + 2*w + 50. What is the remainder when z is divided by r(0)?
45
Suppose -86*m = -62237 + 16313. What is the remainder when m is divided by 60?
54
Suppose -1550316 = -123*k + 99483. What is the remainder when k is divided by 78?
75
Calculate the remainder when ((-49406)/(-28) - -14) + 4/8 is divided by 587.
18
Let w(d) = d**2 + 13*d + 16. Let g be w(-12). Suppose 2*j + 88 = 3*r + 224, g*r = 3*j - 204. What is the remainder when j is divided by (4 + 0)*(-70)/(-8)?
33
Suppose 5*j = 9*j - 168. What is the remainder when j is divided by (-8)/(-100) - (3 - 3792/100)?
7
Let s(l) = l**3 + 4*l**2 - l + 112. Let u be s(0). Suppose -102 = 2*h - u. What is the remainder when 188 is divided by 0 + h/((-30)/(-288))?
44
Let b(v) = -2*v**3 - 78*v**2 + 62*v - 51. What is the remainder when b(-40) is divided by 154?
53
Let a(k) be the second derivative of k**4/12 + 17*k**3/6 - 21*k**2/2 - 4*k. Let q = 37 - 56. Calculate the remainder when 67 is divided by a(q).
16
Suppose 2*a + 5*y - 209 = 11, 2*y - 456 = -4*a. What is the remainder when a is divided by 27?
7
Suppose -2*r + 928 = 4*b, -256*b = 2*r - 260*b - 968. Calculate the remainder when r is divided by 121.
111
Suppose 6*m - 856 = -3658. Let f = -417 - m. Calculate the remainder when 59 is divided by f.
9
Let j = 29879 + -29823. What is the remainder when 149 is divided by j?
37
Suppose 0 = -2*c + 3*o + 24 + 45, 0 = -5*c + 4*o + 176. Let a = -423 - -408. What is the remainder when (1 + a/6)/((-9)/402) is divided by c?
31
Suppose -2*t + 23 = -5*k, 3*k - 10 = 5*k. What is the remainder when 11 is divided by t*((-12)/5 - (-30)/(-50))?
2
Suppose 2 = x + 3*c, 3*c - 4 = x + 6. Let b(y) = y**2 + 2*y - 4. Let k be b(-2). What is the remainder when (2/k)/(x/704) is divided by 18?
16
Suppose -1046 - 317 = -3*h - 2*d, 0 = -8*h - 2*d + 3608. Suppose -4*r - 41 = 3*k - 4*k, 0 = 2*r + 8. Calculate the remainder when h is divided by k.
24
Let i be 21/(-9) - (-351)/81. Calculate the remainder when 89 is divided by i/(-12) - (-4 + (-436)/24).
1
Let f(v) = 2*v**2 - 3*v**2 + 26*v**2 + 2 - 3*v. Let g be f(-1). Let t = 37 - g. Calculate the remainder when 18 is divided by t.
4
Suppose -117925 - 113730 - 140189 = -132*u. What is the remainder when 5642 is divided by u?
8
Suppose u + 20*u - 10*u - 308 = 0. What is the remainder when 1636 is divided by u?
12
Let a(q) = q**3 - q - 7. Let c be a(5). Suppose -30 = 111*x - c*x. Suppose 3*d - 5*w - 23 = 0, x + 36 = 5*d - 2*w. What is the remainder when d is divided by 2?
1
Let y(w) = -3*w**3 - 2*w**2 - w. Let r be y(-1). Let t(f) = 13*f**2 + 450*f + 286. Calculate the remainder when -3 + r + (0 - -65) is divided by t(-34).
8
Suppose 4*j - 9*j - 10 = -2*n, -4*j = 2*n - 28. What is the remainder when ((-144)/10)/((-63)/210) is divided by n?
8
Suppose -2*m + 6*m - 587 = -g, -m = -2*g - 158. What is the remainder when m is divided by 53?
42
Let n(z) = 9*z**2 - 26*z + 8. Calculate the remainder when 857 is divided by n(3).
10
Let y(u) = 139*u - 394. Suppose -m - 3*s = -99, 2*m - s - 177 = -0*m. Calculate the remainder when m is divided by y(3).
21
What is the remainder when (-28)/(-21) - 50/6 - -1*976 is divided by 312?
33
Let h = -39 + 48. What is the remainder when ((-32)/(-48) - (-14)/(-3)) + 192 is divided by h?
8
Suppose 0 = -96*t + 100*t - 140. Let m = -11 + t. Suppose -z + 48 = -40. Calculate the remainder when z is divided by m.
16
Let s be (197 - 10)*(1 - 0). Let v = -185 + s. Calculate the remainder when (-86)/(-11) + (-18)/(-99) is divided by v.
0
Let q(j) = -j**2 + 15*j - 3. Let d be q(14). Let z = 1 + d. Calculate the remainder when (0 + -8)/(((-80)/(-44))/(-10)) is divided by z.
8
Let h = 25 + -14. Let q be 70/(2 - 0/(-9 - -4)). Suppose q*r = 39*r - 24. What is the remainder when h is divided by r?
5
Suppose -1721*n + 1720*n = -748. What is the remainder when n is divided by 190?
178
Calculate the remainder when 165/(-4)*48*(-16)/144 is divided by 51.
16
Let f = -40 + 58. Suppose -9*g = 817 + 1712. Let c = -210 - g. What is the remainder when c is divided by f?
17
Let c be 3/2*(-24)/(-18). Suppose -3*p = c*p - 55. Let v = 425 + -418. What is the remainder when p is divided by v?
4
Let a = -33 + 163. What is the remainder when a is divided by 24?
10
Suppose -1071*y + 2224*y = 1102*y + 19227. Suppose 3*z = 4*k + 67, 5 = -0*k - 5*k. Calculate the remainder when y is divided by z.
20
Let q(y) = y**2 - 23*y - 541. Calculate the remainder when 563 is divided by q(40).
7
Suppose 0 = -90*v + 75*v + 180. Let k = -90 + 95. What is the remainder when v is divided by k?
2
Suppose 5*n + 1320 - 1645 = 5*j, -n - 4*j = -80. What is the remainder when 100 is divided by n?
32
Let i(t) = t**2 - 12*t + 2. Let r be i(13). Suppose -11*c + 158 = r. Calculate the remainder when 283 is divided by c.
10
Let d = 52 + -22. Let o = -16 + d. Let f = -111 - -152. Calculate the remainder when f is divided by o.
13
Suppose -5*u = -5, 22 - 3 = 2*z - u. Suppose 0 = -6*g + g. Suppose f - 57 + z = g. What is the remainder when f is divided by 8?
7
Let i(j) = -873*j**3 + 6 + 14 + 872*j**3 - 20*j**2. Calculate the remainder when 217 is divided by i(-20).
17
Suppose 0*n + 66 = n. Suppose 27*l = 267 + 219. Calculate the remainder when n is divided by l.
12
Let q(x) = 16*x**3 + 10*x - 2*x**3 + 6*x**3 - 8*x. Calculate the remainder when q(2) is divided by 34.
28
Suppose 8 + 54 = j - 5*g, 3*j = 5*g + 136. Let o(l) = l**3 - 19*l**2 + 99*l + 19. Calculate the remainder when o(11) is divided by j.
29
Let q be 5 - 6 - (1 - 1). Calculate the remainder when 228 is divided by (1716/(-130))/(7/(-5) - q).
30
Let d = -8242 + 8470. What is the remainder when 24849 is divided by d?
225
Let c = -41 - -72. Suppose 0 = 4*q - 5*z - 761 - 1026, 5*q = 4*z + 2227. Suppose 5*s - q = -148. What is the remainder when s is divided by c?
28
Suppose -5*y = 3*i - 231, 5*i - 313 = -y + 50. Let p = -55 + i. What is the remainder when 83 is divided by p?
15
Suppose 20*o + 3*o = 8533. Let j = 424 - o. What is the remainder when j is divided by 38?
15
Let s be (7/(-35) - -1)*5/2. Suppose -12 + 2 = -s*w. Suppose 5*x - 105 = -w*h, -3*x + 6*x = 5*h - 81. Calculate the remainder when h is divided by 4.
2
Suppose -2*c = -179 - 105. Calculate the remainder when 5961 is divided by c.
139
Suppose -v - 2 = n - 5, -5*n = -2*v - 1. Calculate the remainder when 48/(-48) + (15 - (4 + -2)) is divided by (n*6)/((-30)/(-20)).
0
Calculate the remainder when 450 - -3 - (-8 - 2) is divided by 67.
61
Suppose -5*u + 512 = -4*s + 7*s, -3*u - 4*s = -316. Let o(b) = -b**3 + 10*b**2 + 60*b - 487. What is the remainder when u is divided by o(6)?
15
Let b be (7/(-2))/((-2)/(-4) + -1). Suppose -4*j + 381 = 5*s, -3*s + b*j = 5*j - 233. Calculate the remainder when s is divided by 3.
2
Suppose o - 9*b + 4*b = 408, b - 893 = -2*o. What is the remainder when o is divided by 19?
6
Suppose 3*v - 42 = x, x = -4*v + 2*v + 23. Suppose 14*r + v - 55 = 0. Calculate the remainder when 9 is divided by r.
0
Suppose -363*s + 270*s = -20088. What is the remainder when s is divided by 118?
98
Calculate the remainder when 4846 is divided by 10768/224 + (-4)/(-112)*-2.
46
What is the remainder when 679 is divided by 105/3 + -2 + -3 + 6/(-6)?
12
Suppose 0*z = 3*z - 2*w - 1555, -1036 = -2*z + w. Let k = z - 507. Calculate the remainder when k is divided by 1/2 + 17/2.
1
Let h = -38 + 64. Suppose -15*k - 2948 = -h*k. Calculate the remainder when k is divided by 21.
16
Let s(c) = -42*c + 2773. Suppose 5*u - 423 = 2*u. What is the remainder when s(65) is divided by (-2)/(-6) + u/9?
11
Let x(v) = -5*v**2 - 202*v - 67. Calculate the remainder when 111 is divided by x(-40).
7
What is the remai